1?
True
Does 5 divide 5487505?
True
Does 133 divide 27334339?
False
Is 335694008 a multiple of 13?
True
Is 279414902 a multiple of 2?
True
Is 17 a factor of 2887565?
False
Is 10 a factor of 19223667?
False
Does 27 divide 448536045?
False
Is 32706929 a multiple of 22?
False
Is 468 a factor of 15651792?
True
Is 47836936 a multiple of 28?
True
Is 2 a factor of 5924299?
False
Is 20052605 a multiple of 41?
False
Is 3560 a factor of 286013960?
True
Does 59 divide 14639965?
True
Is 919104096 a multiple of 12?
True
Is 293 a factor of 139247957?
True
Is 154136437 a multiple of 13?
True
Is 11 a factor of 4799105166?
False
Is 66910788 a multiple of 21?
True
Is 179097369 a multiple of 4873?
True
Does 333 divide 31429872?
True
Is 165756906 a multiple of 69?
True
Is 1704351692 a multiple of 97?
True
Is 9900576 a multiple of 6?
True
Is 490702284 a multiple of 19?
True
Is 4037 a factor of 38081021?
True
Is 2136867616 a multiple of 672?
False
Is 14 a factor of 124390728?
True
Is 222 a factor of 685900746?
True
Is 3617274 a multiple of 57?
False
Does 4666 divide 221215060?
True
Is 226 a factor of 293438400?
True
Does 273 divide 1791887818?
False
Is 10 a factor of 3008560?
True
Is 115446863 a multiple of 7?
True
Does 22 divide 64712560?
True
Is 36898140 a multiple of 394?
False
Is 20 a factor of 33028301?
False
Is 196868740 a multiple of 3286?
False
Is 52724530 a multiple of 74?
False
Is 4078119692 a multiple of 994?
False
Is 1174950300 a multiple of 4249?
False
Does 29 divide 46339458?
False
Is 926871755 a multiple of 5254?
False
Is 8280873 a multiple of 1539?
False
Does 133 divide 635052941?
False
Is 614010199 a multiple of 17?
True
Is 143 a factor of 104488670?
True
Does 31 divide 5289003?
True
Is 66760177 a multiple of 215?
False
Does 90 divide 41821877?
False
Is 220 a factor of 2368835040?
True
Is 700 a factor of 26872300?
True
Is 34 a factor of 556266333?
False
Is 40138273 a multiple of 14?
False
Does 1376 divide 434034432?
True
Is 49 a factor of 2089455192?
False
Is 797 a factor of 200409330?
False
Does 13 divide 145083522?
False
Does 12 divide 408859593?
False
Is 100527720 a multiple of 60?
True
Is 842 a factor of 71807444?
True
Is 21858362 a multiple of 17?
True
Is 2 a factor of 458560495?
False
Does 10 divide 2802746932?
False
Is 699904 a multiple of 21?
False
Is 421 a factor of 76330668?
True
Is 199 a factor of 2042344761?
True
Does 718 divide 146306860?
True
Is 2701 a factor of 380906347?
False
Is 1744 a factor of 33251104?
True
Is 1642093296 a multiple of 489?
True
Does 482 divide 43143338?
True
Is 2453096624 a multiple of 176?
True
Is 7 a factor of 1291333638?
True
Does 8 divide 6478528?
True
Does 2363 divide 10586240?
True
Is 228 a factor of 160060750?
False
Is 43515488 a multiple of 266?
False
Is 41 a factor of 12226446?
True
Is 361345916 a multiple of 667?
True
Does 381 divide 49542192?
True
Is 11724731 even?
False
Is 21 a factor of 803162934?
True
Is 350932989 a multiple of 1187?
True
Is 284 a factor of 637845293?
False
Is 12 a factor of 70471272?
True
Is 148143630 a multiple of 1329?
True
Does 48 divide 2786108937?
False
Is 21775985 a multiple of 416?
False
Does 8 divide 158444120?
True
Is 311218138 a multiple of 266?
True
Is 1984 a factor of 1274005760?
True
Is 96857272 a multiple of 452?
True
Is 128950200 a multiple of 2130?
True
Does 15 divide 200384295?
True
Is 2963845938 a multiple of 382?
True
Is 1142 a factor of 530858843?
False
Does 8 divide 1749675927?
False
Is 20 a factor of 36079144?
False
Is 66510061 a multiple of 29?
False
Is 789496980 a multiple of 38?
False
Is 248907962 a multiple of 72?
False
Is 498 a factor of 22103232?
True
Is 173 a factor of 491779333?
False
Is 204 a factor of 46528320?
True
Does 64 divide 6602748?
False
Is 1871459240 a multiple of 1544?
True
Does 172 divide 16914652?
True
Does 694 divide 651117327?
False
Does 590 divide 28071493?
False
Does 12 divide 471292870?
False
Does 182 divide 22805328?
True
Is 837 a factor of 12909051?
True
Does 321 divide 1138630014?
True
Is 138 a factor of 6465990?
True
Does 24 divide 1357736496?
True
Is 611 a factor of 95273841?
True
Is 60227611 a multiple of 3047?
False
Is 488348047 a multiple of 1642?
False
Is 472140 a multiple of 549?
True
Does 21 divide 13608559?
False
Is 483706003 a multiple of 2981?
True
Does 374 divide 66905113?
False
Is 18 a factor of 10248030?
True
Is 6388582 a multiple of 514?
False
Is 47675449 a multiple of 683?
True
Is 217 a factor of 84736001?
False
Is 36694512 a multiple of 4?
True
Does 5 divide 10678955?
True
Does 6 divide 38379925?
False
Does 47 divide 20745314?
False
Is 19508580 a multiple of 189?
True
Is 20300567 a multiple of 21?
False
Is 8063858 a multiple of 22?
True
Does 1668 divide 11871293?
False
Is 244 a factor of 13730208?
False
Does 12 divide 53708208?
True
Does 3006 divide 601388316?
False
Is 169 a factor of 27452698?
True
Is 62964754 a multiple of 14?
False
Is 1105 a factor of 67010669?
False
Is 567 a factor of 81276359?
False
Is 11319 a factor of 836983455?
True
Is 40469319 a multiple of 99?
True
Is 82844737 a multiple of 123?
False
Is 3 a factor of 6205461?
True
Is 1086 a factor of 47216967?
False
Is 15912288 a multiple of 12?
True
Is 409627634 a multiple of 3631?
True
Does 459 divide 143069696?
False
Does 33 divide 59466033?
True
Does 28 divide 720854540?
True
Is 1230 a factor of 25986210?
True
Does 755 divide 4135298835?
True
Does 6 divide 1841958942?
True
Is 78089806 a multiple of 43?
True
Does 172 divide 671728628?
True
Is 652 a factor of 96999344?
True
Does 647 divide 1528632873?
False
Does 2125 divide 893479891?
False
Is 5772 a factor of 615647292?
True
Is 337565991 a multiple of 15?
False
Is 22550016 a multiple of 318?
True
Is 535 a factor of 698068464?
False
Is 11 a factor of 102913272?
True
Is 2 a factor of 65084426?
True
Is 2023905935 a multiple of 20?
False
Is 352919011 a multiple of 126?
False
Is 8 a factor of 24799253?
False
Does 704 divide 23528989?
False
Is 9 a factor of 401555014?
False
Is 7 a factor of 3414270?
False
Does 15 divide 52294732?
False
Is 29002473 a multiple of 6?
False
Is 95947929 a multiple of 147?
True
Is 167645205 a multiple of 21?
True
Is 23423610 a multiple of 10?
True
Does 6 divide 275640331?
False
Is 5100532 a multiple of 42?
False
Does 447 divide 162897176?
False
Does 10 divide 2717120?
True
Does 64 divide 5052992?
True
Is 402877858 a multiple of 152?
False
Is 136066560 a multiple of 15?
True
Is 23 a factor of 1451119?
False
Does 322 divide 151624719?
False
Is 433723647 a multiple of 7?
True
Is 4654 a factor of 356889012?
False
Does 162 divide 5718114?
True
Does 656 divide 679509053?
False
Is 281439270 a multiple of 126?
True
Does 17 divide 59947610?
True
Does 397 divide 137452913?
True
Does 61 divide 19253115?
False
Is 6622 a factor of 4406989183?
False
Is 46462315 a multiple of 91?
False
Is 4904786190 a multiple of 180?
False
Does 59 divide 2001998739?
False
Is 83778720 a multiple of 1020?
True
Is 7 a factor of 40326993?
True
Is 572 a factor of 141966396?
True
Is 31 a factor of 99707439?
True
Is 22552738 a multiple of 86?
False
Is 19101883 a multiple of 18?
False
Is 18 a factor of 79591050?
True
Does 2734 divide 80825242?
True
Is 9 a factor of 5342660?
False
Is 21 a factor of 317626878?
False
Is 42648524 a multiple of 13?
False
Is 42827616 a multiple of 1674?
True
Is 35614588 a multiple of 48?
False
Is 78038098 a multiple of 176?
False
Does 12 divide 54432904?
False
Is 43 a factor of 63267029?
False
Is 648 a factor of 310975392?
False
Is 576 a factor of 4655220?
False
Does 24 divide 86172616?
False
Does 445 divide 259876040?
False
Does 372 divide 33968508?
False
Does 3946 divide 687188008?
True
Is 918 a factor of 52887816?
True
Does 1863 divide 157367610?
True
Does 173 divide 273338709?
False
Is 2211682320 a multiple of 270?
True
Does 24 divide 638443992?
True
Is 206 a factor of 222067475?
False
Does 12 divide 757905099?
False
Is 489 a factor of 1906611?
True
Is 741046410 a multiple of 30?
True
Does 376 divide 56641169?
False
Does 15 divide 771685290?
True
Does 1522 divide 13885704?
False
Is 140 a factor of 582317120?
True
Is 1613654 a multiple of 492?
False
Is 57820520 a multiple of 40?
True
Is 267060619 a multiple of 928?
False
Is 8727300 even?
True
Is 2225 a factor of 62242150?
True
Is 